. Determine b(v).
7
Let v(q) be the second derivative of -q**7/280 + 8*q**4/3 - 29*q. Let f(z) be the third derivative of v(z). Let s be 6/8 - (-4)/16. Calculate f(s).
-9
Let r(h) = 54*h**2 - 9 - 28*h**2 - 27*h**2 + 6*h. Calculate r(6).
-9
Let g(q) be the first derivative of q**6/120 + q**5/12 - q**4/12 + 7*q**3/6 + 2*q**2 - 11. Let c(u) be the second derivative of g(u). What is c(-5)?
17
Let m(q) = -q**3 - 2*q**2 + 5*q + 4. Suppose -4*f + f = -9*f. Let g = f + -3. Give m(g).
-2
Suppose 3*i - 15 = -2*i. Let x be ((-3 - 1)/(-2))/1. Let u(v) = -1 + v + v**x + 3*v - 5*v**2 - v**3 + 6*v**2. Determine u(i).
2
Let k = -199/22 - -105/11. Let z(q) be the first derivative of 1/3*q**3 + q - 4 - k*q**2. Calculate z(-2).
7
Let h = 0 - -5. Let m(s) = s**2 - 4*s + 2. Let y be m(h). Let f(g) = g + 2*g + y - 3*g + g. Calculate f(-5).
2
Let m be -7 - (3/1 - 3)*1. Let u(t) = -t**3 - 7*t**2 + t + 8. Determine u(m).
1
Suppose 12 = m + 5*b, 33*m - 32*m - 2*b + 2 = 0. Let v(g) = -g**3 + g**2 - 3*g + 5. What is v(m)?
-5
Let j(m) = 5*m**2 + 1. Let r be (-2)/(-2*(-2)/(-8)). Suppose -2*y = -2*w - r, w + 3*y - 13 = -y. Suppose w = f - 0. Give j(f).
6
Let n(t) = 18*t + 92. Let b be n(-5). Let m(q) = q**2 + 2*q. Determine m(b).
8
Let z be -1 - -5 - (46 + 0). Let j be (-6)/4*(-28)/z. Let k be 1 + (j + -5)/(-3). Let h(r) = r**3 - 2*r**2 - 2*r + 1. Determine h(k).
4
Let u(z) = -4*z - 2. Let s = -6 - -9. Suppose -s*w + 5*f - f + 14 = 0, w = -2*f - 12. What is u(w)?
6
Let g(n) = -n + 7. Let k(i) = 2*i - 3. Let l(z) = -3*g(z) - 2*k(z). Give l(-18).
3
Let g(w) be the second derivative of -w**5/20 - w**4/12 - 2*w**3/3 - 3*w**2/2 - 38*w. What is g(-2)?
9
Let x(y) = -y**3 + y**2 + 8*y + 1. Let a(v) = -v**3 + v**2 + 7*v + 1. Let k(m) = -6*a(m) + 5*x(m). Give k(2).
-1
Suppose -6*o + 10 = -o. Suppose -2*b + 21 = o*b - 3*j, b + j = 0. Suppose 0 = -g - 3*z - 2 - 6, b*g - 15 = 4*z. Let c(m) = -16*m. Calculate c(g).
-16
Let p(r) = -1 + 4*r**2 - r - 9*r**2 + r**2 - 6*r**2. What is p(-1)?
-10
Let f(r) = -9*r - 27. Let h(o) = 5*o + 12. Let t(p) = -3*f(p) - 7*h(p). What is t(-2)?
13
Suppose 4 = -2*v + 8. Let c(r) = 5*r - r**3 + 77*r**2 - 72*r**v - 3 - 1 - 6*r. Determine c(4).
8
Let f(d) be the first derivative of -d**4/12 + 7*d**3/6 - d**2/2 - d - 39. Let p(k) be the first derivative of f(k). Determine p(3).
11
Let f(u) be the first derivative of -u**3/3 - 2*u**2 - 4*u + 362. Calculate f(-7).
-25
Let c(g) = 6*g - 5. Let j be (8 + -7)*10*7/(-14). Calculate c(j).
-35
Let w(i) = i + 4. Let p be w(8). Let x = p + -16. Let m(l) = 2*l**2 + 6*l. What is m(x)?
8
Let b = -738 + 740. Let g(q) = -q. Calculate g(b).
-2
Let u(s) = s**3 + 4*s**2 - s + 1. Let c be u(-4). Suppose c*r - 3*y = 8, 2*y + 0*y - 8 = 0. Let j = 7 - r. Let q(p) = -2*p. Give q(j).
-6
Suppose -5*v - 4*b = -42, -v - 3 = 3*b - 6*b. Let z(q) = -5*q + 7*q - 3 - 5. Give z(v).
4
Let s(a) = -a**2 + 5*a + 4. Let p be (-12)/(-8)*(15 + -13). Give s(p).
10
Let y(g) = -3*g - 4. Suppose h = 3*c - 10, -3*h = 14 - 2. Suppose 3*q - 14 = 2*u, -2*q - q - 5*u - 14 = 0. Let s be (q - -4)/((-4)/c). Calculate y(s).
5
Let n(s) = -18*s + 42. Let f(p) = 13*p - 29. Let h(b) = 7*f(b) + 5*n(b). Determine h(-3).
4
Let y be (-212)/(-24) + (-1)/(-6). Let j(t) = -3 - y - 3 + t**2 + 7 - t. What is j(0)?
-8
Let y(m) = -m - 6. Let l be (-4*5/(-10))/1. Let h be 0 + 12 + (-2 - l). Let x = -13 + h. Give y(x).
-1
Let g(k) = -2*k**2 + 34*k - 43. Let z be g(15). Suppose -z*d = -22*d - 10. Let y(u) = u**3 + 3*u**2 + 2*u + 2. Give y(d).
2
Let q(u) = 7*u**3 + u**2 - 3. Let n(z) = 6*z**3 - 2. Let l(k) = 6*n(k) - 5*q(k). Suppose 2*r = d - 6, 0*d - 6 = -2*r - 2*d. Let h = r - -6. Calculate l(h).
3
Suppose 38 = -5*h + 10*w - 12*w, -h - 3*w = 18. Let n(g) = 2*g**2 + 13*g + 7. What is n(h)?
1
Let n(u) be the third derivative of 0 + 1/60*u**5 + 4*u**2 + 1/24*u**4 + 0*u + 1/3*u**3. Give n(-2).
4
Let q(d) be the third derivative of -d**4/24 + d**3/6 - 5*d**2 - 5*d. Suppose 0 = -4*i - 3*u - 15 - 14, -4*i = -4*u + 8. Give q(i).
6
Let w(l) = -l**3 + 2*l**2 + 9. Let f be w(3). Let a be 7/2 - 1/2. Let d(v) = 4 + f*v - 3*v + a. What is d(5)?
-8
Let g = -57 + 55. Let j(a) = -a**2 - 2. Let v be j(0). Let w be 10/v + (1 - g). Let n(c) = -c**3 - 4*c**2 - 2*c. Give n(w).
-4
Let w(p) = -p**3 - 7*p**2 - 8*p - 2. Suppose -3*t = -5*m - 33, 7*m - 5*m - 3*t = -15. Determine w(m).
10
Suppose 3*a - 2 = -4*t, 0*a - 2*a - 4*t = 4. Let r(h) = 20288*h**2 - h - 10144*h**2 - 10143*h**2 + 1 - 3*h. Determine r(a).
13
Let a = 78 + -44. Let w = 35 - a. Let c(k) = 3*k**2 - 5*k - 3. Let p(g) = -2*g**2 + 4*g + 2. Let d(u) = 3*c(u) + 4*p(u). Calculate d(w).
1
Let g(h) = h**2 + 5*h + 6. Let n(t) = t**2 + 7*t + 2. Let o be n(-6). Let p be g(o). Let j(i) = i**3 - i**2 - 2*i + 1. Determine j(p).
1
Let u(i) = 2*i + 2. Let b(o) = -o**2 - 9*o - 9. Let c be b(-7). Let r be (-4)/14 + 152/(-56). Let g = c + r. Determine u(g).
6
Suppose 20 = 4*m - 4*x, -4*m + 0*x - x = -35. Suppose -p + 2 - m = -q, -14 = -q + 3*p. Let k(z) = -6 + q - z + 11 + 1. Determine k(6).
2
Let p(v) = 5*v**2 - 2 - 11 + 7 - 32*v**3 + 31*v**3 + 7*v. What is p(5)?
29
Let s(l) be the second derivative of -l**3/6 - 5*l**2 + 10*l. Let w be s(17). Let o be w/7 - (-3)/(-21). Let q(r) = -r**2 - 6*r - 6. Calculate q(o).
2
Let d(n) = 5*n**3 - 1. Let z(g) = 2*g**2 - 6. Let v be z(-2). Suppose 2 = -v*s - 0. What is d(s)?
-6
Let y(r) = 2*r**3 + 3*r**2 + 2*r + 5. Suppose 2*f - 1 + 5 = 0. Let a be y(f). Let x(t) = 3*t - 3. What is x(a)?
-12
Let h(g) be the third derivative of -g**5/60 + g**4/12 + g**3/2 + 46*g**2. Determine h(-4).
-21
Let z = -10 - -6. Let c(b) = 5 + 58*b - 34*b - 22*b. What is c(z)?
-3
Let u(q) = 3*q + 10. Suppose -6*t = -9*t - 4*z - 1, -2*z - 2 = 2*t. Give u(t).
1
Let i(l) be the second derivative of -7/12*l**4 + 2*l - 4*l**2 - 1/20*l**5 - 4/3*l**3 + 0. What is i(-6)?
4
Let v = -257 - -258. Let k(q) = -6*q**2 - 3*q + 2. What is k(v)?
-7
Let r(d) = 25*d**3 - d**2 - d. Suppose b + 3 = -2*b. What is r(b)?
-25
Let o(l) = 16*l**3 - 7*l**2 + l + 5. Let t(m) = -32*m**3 + 15*m**2 - 2*m - 11. Let d(x) = -13*o(x) - 6*t(x). Let i = 33 - 32. Calculate d(i).
-15
Let i(w) = -9*w. Suppose -q = 2*s - 11, -q - 12*s + 8*s + 19 = 0. Determine i(q).
-27
Let p(q) = q - 1. Let s(z) = -7*z + 7. Let x(a) = 6*p(a) + s(a). What is x(-2)?
3
Let m be (-4)/6 - (-8)/(-24). Let t be (m/4)/(2/(-24)). Let f(c) = 5 + 0*c + 1 - t + 2*c. Give f(-4).
-5
Let l(g) = -g**3 - 56*g**2 + g + 47. Let n be l(-56). Let p(f) = f**2 + 10*f + 13. Calculate p(n).
4
Let s(d) be the second derivative of -d**6/120 - d**5/12 - d**4/24 + 2*d**3/3 + 18*d**2 + 25*d. Let n(i) be the first derivative of s(i). Calculate n(-4).
-8
Let a(f) = -13*f - 135*f**2 + 44*f**2 + 90*f**2 - 11. Calculate a(-9).
25
Let i(z) be the third derivative of 5/24*z**4 + 1/30*z**5 - 7*z**2 + 0*z - 1/6*z**3 + 0. Let c(b) = -b**2 + b. Let k(o) = c(o) + i(o). Calculate k(-7).
6
Let p(j) be the third derivative of -j**5/60 + j**4/4 - 7*j**3/6 + 2*j**2. Let r = -9 - -13. Suppose -1 = -o + r. Calculate p(o).
-2
Let d(s) be the third derivative of s**5/60 - 5*s**4/12 + 23*s**3/6 + 3*s**2 + 57. Give d(7).
2
Let p(s) be the first derivative of 5*s**4/2 + 2*s**3/3 - s - 1. Let m be (-1)/(-3) + 31/(-3). Let k be (-5)/((-75)/(-9)) - (-4)/m. Calculate p(k).
-9
Let b(o) = o**2 - 3*o + 1. Let f(x) = -3*x**2 + 6*x. Let u(k) = 5*b(k) + 2*f(k). Determine u(-5).
-5
Suppose -17 = -4*o - m, 43*o - 40*o - 2*m = -1. Let x(p) = 3 + p**3 - p**2 - 4*p - p**2 + 1. Give x(o).
1
Let x(z) = -7*z + 35. Let b = 1302 + -1296. What is x(b)?
-7
Let q(l) be the first derivative of -l**3/3 + 7*l**2/2 + 7*l + 379. Give q(8).
-1
Let h = 550 - 560. Let y(p) = -p + 13. Determine y(h).
23
Let a(b) be the third derivative of -b**5/60 + 13*b**4/24 + 14*b**3/3 - 12*b**2 + 3*b. Give a(15).
-2
Suppose 26*c = 36 + 16. Let s(r) = 5*r**3 - 3*r**2 + 2*r. Calculate s(c).
32
Let u(d) = 3*d**2 - 36*d - 64. Let s(x) = x**2 - 12*x - 21. Let b(l) = 7*s(l) - 2*u(l). Let g = 7955 - 7942. Calculate b(g).
-6
Suppose -4*c + 4 = -0*s + s, 3*s = 12. Let v(a) = 1 + 6*a - 4*a + 6*a + c*a. Calculate v(-1).
-7
Let p(y) be the third derivative of -y**7/840 + y**6/180 - y**4/6 + 16*y**3/3 + 9*y**2. Let x(l) be the first derivative of p(l). Determine x(3).
-13
Let u(b) = -3*b - 2. Let k = -4 + -1. L